(v) - 6*w(v). Suppose -o + 24 = 3*o. Determine s(o).
6
Let v(f) = -f**2 - 1. Let o(t) = 2 + 6*t - 3*t + 2*t + t**2. Let b be o(-3). Let r = b - -5. Calculate v(r).
-2
Let s(c) = c + 0*c - 55 + 62. Calculate s(0).
7
Suppose -2*q - 14 = 2*s, -2*s + 8 = -2*q + 2*s. Let l(h) = -h**2 - 5*h + 8. Let f be l(q). Let t(i) = 0*i**2 - i**2 + 0*i**f + 2 + 6*i. Determine t(5).
7
Let u(g) = -2*g**2 + 2. Suppose -3*f + 11 = -7. Suppose 0*b = 3*b - f. What is u(b)?
-6
Let s(g) be the first derivative of g**2/2 + 4*g + 46. Determine s(-5).
-1
Let g(u) = u**2 - 4*u. Let a be g(5). Let j(o) be the first derivative of -o**4/4 + 5*o**3/3 - o**2/2 + o + 1. Calculate j(a).
-4
Let q(y) = 7*y + 3. Let u(r) = r + 1. Let h(s) = -q(s) + 6*u(s). Suppose -4*g + 4 = -8. Determine h(g).
0
Suppose 0 = 6*i - 9*i - 3. Let b be i*(-4)/(-8)*2. Let a(d) = -3*d**2 + 1. Determine a(b).
-2
Let l(d) be the third derivative of -d**4/24 - d**3 + 17*d**2. Determine l(-8).
2
Let u(v) = -v**2 - 24 + 17 - 4*v + 12*v + 11. Determine u(7).
11
Let c(h) = h**3 + 3*h**2. Let a(s) = -2*s + 8. Let z be a(5). Calculate c(z).
4
Let o(s) = s**3 + 7*s**2 + 2. Let w be o(-7). Let i(a) = -6*a - 6*a - 1 - w*a + 6*a. Determine i(-1).
7
Let j = -8 - -6. Let n be (1/(-3))/(j/18). Let a(g) = g**3 - 3*g**2 + 4. What is a(n)?
4
Let c(i) = i. Let v be c(2). Suppose 5*p = 6 + 4. Let j(n) = -2*n - p - 3*n**2 + n + 3*n + n**3. What is j(v)?
-2
Let w(p) = p**3 - 6*p**2 - 7*p + 4. Let v be w(7). Suppose -4*l + 5*l = v. Let q(o) = o - 8. Let r(f) = -1. Let s(g) = q(g) - 3*r(g). Determine s(l).
-1
Let c(x) = 0*x**3 - x**3 + 1 - 2*x + 3*x. Let y = -10 + 12. Determine c(y).
-5
Let a(x) = -5*x**3 - 7*x**2 - 4*x - 7. Let g(i) = -i**2 - i - 1. Let y(c) = -a(c) + 6*g(c). Determine y(1).
5
Let y(m) = 7*m + 3 - 9*m + 2*m**2 + m**3 + m**2. Suppose -2*z + 8 = -4*z. Give y(z).
-5
Suppose 0 = 5*n - 45 + 10. Suppose 2*w - 9 = -n. Let b(h) = -h**2 + h. Give b(w).
0
Let y(q) = -3*q**2 + 6*q - 2. Let r be 47/9 + 2/(-9). Let z(b) = -7*b**2 + 13*b - 3. Let g(k) = r*y(k) - 2*z(k). What is g(3)?
-1
Let c(f) be the second derivative of -f**3/6 - 3*f. Give c(-1).
1
Suppose 5*l - l - 8 = 0. Suppose -2*t - m = -t - 5, 19 = l*t + 5*m. Let z(g) = -g**2 + 2*g + 1. Give z(t).
1
Let d(a) = -2*a - 7. Let k(o) = 2*o + 6. Let n(r) = -5*d(r) - 6*k(r). Calculate n(-2).
3
Let h(v) = 17*v**2 - 19*v + 17. Let x(b) = 8*b - 8 + b - 6*b**2 - 2*b**2. Let q(a) = -6*h(a) - 13*x(a). What is q(2)?
4
Let i be -2 + (0 - -8) + -1. Suppose x = i*s + 22 - 1, 2*x - 7 = 3*s. Let r(b) = b**2 + 4*b + 3. What is r(s)?
8
Let i(v) = v**2 + v. Let x(u) = -3*u**2 - 3*u - 1. Let m(p) = -i(p) - x(p). Calculate m(-3).
13
Let t(i) = i**2 + 4*i + 1. Let j be t(-2). Let w(d) = -2*d**2 + d + 3. Let g(v) = v**2 - v - 2. Let u(q) = j*w(q) - 4*g(q). Give u(2).
9
Let s(f) = f + 1. Let j be s(0). Suppose -3*c + 3 = -3, 0 = -3*h + 4*c + j. Let v(d) = 2*d + 5*d - h*d. What is v(-2)?
-8
Let g(w) = 2*w - 7. Let q be 2/(-14)*-7 - (-8)/2. Determine g(q).
3
Let w(p) = -2*p**2 - 3*p. Let n be 2/(2/(-4)*2). Determine w(n).
-2
Let u(j) = 9*j**3 - 2*j**2 - 10*j**3 - 3*j**2 + 2*j + 3. Let q be (1 - 1*-2)/(-1). Let a = -2 + q. What is u(a)?
-7
Let l(q) = q**3 - q**2 + q - 1. Let w be (1/1*1)/(-1). Let a(r) = 7*r**3 - 11*r**2 + 7*r - 2. Let m(i) = w*a(i) + 6*l(i). Give m(5).
-9
Let u(d) = -d**3 - d**2 + d - 1. Let k be u(-2). Suppose 2*q - 2 = 0, 0 = -5*m + q + 2*q + 2. Let h(j) = 9*j + m + 0*j - 2. Determine h(k).
8
Let u(i) = -i**3 - 6*i**2 + 8. Suppose 0 = -2*f - 2*f + 116. Suppose 5*s + f = -4*q, 1 - 12 = q + 5*s. Determine u(q).
8
Let l(j) = -4*j - 90. Let t(m) = m + 30. Let o(u) = 2*l(u) + 7*t(u). Determine o(0).
30
Let j(w) = 2406*w + 30 - 2407*w - 5. Calculate j(0).
25
Let k be 22/6 + (-4)/6. Let x(g) = -3*g**2 - 3 - 2*g**3 + 3*g + g**3 + 6*g**2. Determine x(k).
6
Let c(x) = -x**3 - 6*x**2 - x - 8. Let q(l) = l + 5. Let u be q(5). Suppose u*n + 30 = 5*n. Determine c(n).
-2
Suppose n + 1 = -5*c - 3, -5*n + 4*c + 67 = 0. Let s = n + -16. Let u(l) = -l - 4. Let g(v) = v + 5. Let j(q) = 3*g(q) + 4*u(q). Calculate j(s).
4
Let j(d) = d**3 - 3*d**2 + d + 3. Let u(x) = 0 - 2 + x + 0*x. Let r be (-2)/(-3)*15/2. Let k be u(r). Determine j(k).
6
Let g(u) = -4*u + 1. Suppose -i = -j + 6 - 2, 0 = -3*j - 5*i - 4. What is g(j)?
-7
Let a(n) = n**3 + 8*n**2 + 8*n + 8. Let g be a(-7). Let d(i) = -2 - 5*i + g - 1 + 3. Give d(2).
-9
Suppose -20*g + 21*g + 2 = 0. Let b(j) = j + 1. Give b(g).
-1
Let a(c) = -9*c**3 - 8*c**2 - 6*c - 5. Let q(o) = o**2 + o + 1. Let l(n) = -a(n) - 6*q(n). What is l(1)?
10
Let f(x) = -2*x - 6. Let i be f(-7). Let u(t) = -36 + 0*t - i*t - t**3 + 43 + 7*t**2. What is u(6)?
-5
Let p(i) be the third derivative of i**2 + 0*i**3 + 0 + 0*i - 1/24*i**4 + 1/10*i**5. Suppose -g - 7 = 7*n - 4*n, 0 = g + 4. Determine p(n).
7
Suppose 2 = -0*h + h. Let i(u) = -h*u + 3*u + u + 1. Determine i(1).
3
Suppose -4*c - 2*u + 29 = -7*u, 0 = 5*c + u - 29. Let f(h) = -h + 9. Give f(c).
3
Let v(m) = -3 - 3*m + 5*m + 0*m. Let x(r) = r + 11. Let g be x(-8). Determine v(g).
3
Suppose -3*x + 0*x = -6. Let p(y) = -11 + 0*y + 4 + x*y. Let j be -7 - (14 - 1)*-1. Calculate p(j).
5
Let c(r) = -r**3 - r**2 + 4*r + 3. Let b = -3 - -6. Suppose 10 = -2*m + 2*q, -2*m = b*q - 2 - 3. Give c(m).
-1
Let r(m) be the second derivative of m**5/10 + m**4/6 - m**3/6 + 5*m. Calculate r(-2).
-6
Let i be (-8)/12 + (-14)/(-3). Let b(s) = 4*s**2 + 2*s - 1 - 3*s**3 + i*s**3 + s + 0. Give b(-3).
-1
Let t(k) be the first derivative of 1/3*k**3 - 1 + k + k**2 + k**4. What is t(-1)?
-4
Let w(h) = 2*h - 3. Let z(o) = -4*o + 1. Let f be z(-1). Suppose -2*g + f = -g. Give w(g).
7
Let l(b) = 5*b**3 + 2*b**2 - 2*b - 7. Let n(h) = -11*h**3 - 5*h**2 + 4*h + 15. Let k(w) = -13*l(w) - 6*n(w). What is k(-3)?
4
Let b(u) = u**2 - 5*u - 2. Let l(w) = -w**3 - 2*w**2 + w. Let o be l(-3). Let p(h) = h**2 - 5*h - 2. Let y(d) = o*p(d) - 7*b(d). Give y(5).
2
Let v(g) = -g**2 - 6*g + 1. Let f be v(-7). Let j(y) = -y**3 - 5*y**2 + 7*y + 6. Let w be j(f). Let c(s) = 0*s - 2*s + w*s + s. Give c(2).
-2
Suppose -7*r = 4*r - 22. Let q(j) = 10*j + 2. Determine q(r).
22
Let f = -19 + 12. Let i(l) = l**3 + 7*l**2 + l + 4. Calculate i(f).
-3
Let q(k) = -k + 1. Let b(w) = -w + 13. Let y be b(7). Suppose -z = -4*j + 3*j - 6, -j + 3*z - y = 0. Give q(j).
7
Let p(z) be the second derivative of -z**5/20 - z**4/2 - 7*z**3/6 - 5*z**2/2 + 11*z. Calculate p(-5).
5
Let x = 2 - 1. Let y(u) be the first derivative of -x + 0*u + 1/2*u**2. Calculate y(-3).
-3
Suppose 5*p = -0*p. Suppose -l - 2*l + 22 = -2*y, -4*l + 36 = -4*y. Suppose l*b - b = p. Let s(q) = q - 5. Calculate s(b).
-5
Let i(g) be the second derivative of g**4/12 + g**3/2 - 2*g**2 + g. Suppose -3*d + d = 0. Suppose 16 = -4*r - d. What is i(r)?
0
Let j(q) = -q**3 + 8*q**2 - 5. Let a = 14 + -6. Determine j(a).
-5
Let a be (-20)/(-3)*33/22. Suppose 3*z = -5*p + 37, 0*p - a = -5*z + 2*p. Let u(h) = h**2 - 4*h. Calculate u(z).
0
Let h(o) be the third derivative of 1/6*o**4 + 9*o**2 - 1/3*o**3 - 1/20*o**5 + 0 + 0*o + 1/120*o**6. Calculate h(2).
2
Let d(b) = 7*b - 1. Let j be 75/40 + -1*(-1)/8. Calculate d(j).
13
Let g(n) = n**3 + 6*n**2 + 6*n - 2. Let o(m) = -3*m**3 - 18*m**2 - 18*m + 5. Let l(f) = -7*g(f) - 2*o(f). Determine l(-5).
9
Let x(h) = -h**3 + h**2 - h. Let a(g) = -4*g**3 + 6*g**2 - 3*g - 2. Let l(q) = a(q) - 2*x(q). What is l(2)?
-4
Let z(w) = w**2 + 8*w + 4. Let s(m) = m**3 + 3*m**2 - 25*m + 14. Let g be s(-7). Calculate z(g).
-3
Let w(b) = 14*b - 15*b + 3*b + 6. Calculate w(-12).
-18
Let p = 70 + -67. Let i be (4/(-10))/(2/(-10)). Let z(v) = 0*v**i + v**2 - 3 + 0*v**2. Give z(p).
6
Let r(p) = 17*p - 7. Let i(v) = 16*v - 6. Let c(u) = 6*i(u) - 5*r(u). Give c(1).
10
Let d(h) = -h**2 - 1. Let j be d(2). Let o(z) = 3*z - 7. Let g(s) = s - 3. Let q(p) = j*g(p) + 2*o(p). Determine q(-6).
-5
Let u(s) = s**3 - s + 2. Let k = -19 - -21. Calculate u(k).
8
Let r(k) = 11*k**2 + 26*k - 26. Let l(u) = -4*u**2 - 9*u + 9. Let j(p) = -8*l(p) - 3*r(p). Give j(-6).
6
Let i = 116 + -110. Let c(k) be the first derivative of k**3/3 - 2*k**2 - 6*k + 1. Determine c(i).
6
Let x(m) be the third derivative of m**6/120 - m**5/15 + m**4/6 - m**3/3 - 2*m**2. Let q be 6/(-9) + 4/6. Suppose 5*d - 2 - 8 = q. What is x(d)?
-2
Let p be 1/(1/(-2) 